ase 6, what is -2 + 305223344?
305223342
In base 12, what is 1a53a81 + -1?
1a53a80
In base 6, what is 212253 - 30354?
141455
In base 3, what is -1 + 112001100212222?
112001100212221
In base 9, what is 871 - -7165?
8146
In base 3, what is 1111 + 101212112200001?
101212112201112
In base 15, what is -152 - -3cd8?
3b86
In base 6, what is 1325 - -4201433?
4203202
In base 16, what is 44e895 - -4?
44e899
In base 16, what is -1e - a15ee?
-a160c
In base 6, what is -12133530 + 201?
-12133325
In base 12, what is -36b2018 - -7?
-36b2011
In base 6, what is 1414 - 35355?
-33541
In base 15, what is 58343 + a?
5834d
In base 10, what is -111 - 37086?
-37197
In base 2, what is -100001101101100100010101010 - 1010?
-100001101101100100010110100
In base 15, what is 938 + -3362?
-2929
In base 12, what is 2642a7 - -396?
264681
In base 8, what is 636 + -453356?
-452520
In base 11, what is 7072067 - 7?
7072060
In base 6, what is -4 + -24130230404?
-24130230412
In base 12, what is 1b4a8 - -239?
1b725
In base 9, what is -6757536 + 4?
-6757532
In base 15, what is 20 - -c2ae3c?
c2ae5c
In base 8, what is 666372240 + 1?
666372241
In base 16, what is 5 + 3b0ddce?
3b0ddd3
In base 14, what is 162085 + 12?
162097
In base 2, what is -101110001101000011100001 - 0?
-101110001101000011100001
In base 4, what is 10 - -22323021320?
22323021330
In base 9, what is 102405457 - 8?
102405448
In base 9, what is 6 + -127815566?
-127815560
In base 13, what is -b9a6 - -162?
-b844
In base 15, what is -4107c - -41?
-4103b
In base 13, what is -c0a7 - b71?
-cc48
In base 5, what is 20010244 - 120301?
14334443
In base 15, what is e1815 + 55?
e186a
In base 2, what is 1010 + -1010101000001001111111101?
-1010101000001001111110011
In base 4, what is -23 - -3132033032123?
3132033032100
In base 8, what is -46154265 - 3?
-46154270
In base 13, what is 18c15a - -b8?
18c245
In base 16, what is a + 4d2f8b?
4d2f95
In base 14, what is -4267916 - -2?
-4267914
In base 14, what is 50c774c + -7?
50c7745
In base 13, what is 7866a + -335?
78335
In base 6, what is 1 + -35021442012?
-35021442011
In base 10, what is 10 + 1473295?
1473305
In base 15, what is -1c5c5c7 + 1?
-1c5c5c6
In base 3, what is -210112022200 - -100?
-210112022100
In base 7, what is -43 + -3105312?
-3105355
In base 4, what is 30 + 1133022223?
1133022313
In base 10, what is 101516 + -7828?
93688
In base 8, what is -5 + -161714436?
-161714443
In base 4, what is -2022 + -210120213?
-210122301
In base 7, what is 12353231 - 56?
12353142
In base 12, what is 447 - -11025?
11470
In base 15, what is -4757 + 6ce5?
258d
In base 7, what is -661051232 - -5?
-661051224
In base 15, what is -6 + 729572?
72956b
In base 10, what is 3 + 622294?
622297
In base 8, what is -4 + -165453042?
-165453046
In base 13, what is 17ca4719 + -1?
17ca4718
In base 2, what is -100001000011101010000001 - 10000?
-100001000011101010010001
In base 12, what is 28 + 74040?
74068
In base 15, what is -8a90a + 4?
-8a906
In base 14, what is -496 - -4b2c1?
4ac29
In base 10, what is -258 - 51798?
-52056
In base 16, what is 1 - 18ae08?
-18ae07
In base 11, what is -3816a4 + 216?
-381489
In base 6, what is -4322 + 32224?
23502
In base 8, what is 133 - 20626026?
-20625673
In base 3, what is -22122221 + 1010102?
-21112112
In base 13, what is -428aab8 + 16?
-428aaa2
In base 12, what is -3358975 + -3?
-3358978
In base 4, what is -10 - 2210123210002?
-2210123210012
In base 2, what is -111010 + 1000000101110000011001?
1000000101101111011111
In base 3, what is 1010201010 - -2101202?
1020002212
In base 5, what is 14 + 23231010244?
23231010313
In base 14, what is -2 + -33a8a?
-33a8c
In base 10, what is 520 - -287177?
287697
In base 3, what is -202200021 + 11220200?
-120202121
In base 6, what is 421431535 + -53?
421431442
In base 4, what is -133132202220 - 11?
-133132202231
In base 7, what is -4105 - 56360?
-63465
In base 5, what is 112440 + -112020?
420
In base 11, what is -1963937 - 26?
-1963962
In base 7, what is -500 - -56613?
56113
In base 16, what is -5 + 4a7811?
4a780c
In base 7, what is 32241401632 + 4?
32241401636
In base 3, what is 20 - 112110202220122?
-112110202220102
In base 8, what is 4 - 434004132?
-434004126
In base 13, what is 40a647 - a?
40a63a
In base 9, what is -41 + -52333?
-52374
In base 7, what is -36 + 4141304?
4141235
In base 7, what is -41 - 123521551?
-123521622
In base 7, what is -2111012406 - -2?
-2111012404
In base 8, what is -6152774 - 132?
-6153126
In base 2, what is 1101111 + 1010001101101000101011?
1010001101101010011010
In base 2, what is -11011001 - 100111011011?
-101010110100
In base 15, what is -5a5e99 - 53?
-5a5eec
In base 9, what is -225 + 163701?
163465
In base 16, what is 3 - -1519647b?
1519647e
In base 8, what is 34764655 - 0?
34764655
In base 5, what is 4 - 22421221200?
-22421221141
In base 8, what is 4 + -132715755?
-132715751
In base 2, what is -110110001010101100 + -1001000111?
-110110010011110011
In base 12, what is -1a5ab5a - 18?
-1a5ab76
In base 10, what is 3 + 9105815?
9105818
In base 9, what is -46 - -101001?
100844
In base 10, what is -22 - 75791?
-75813
In base 3, what is -2010 - -2010201201000?
2010201121220
In base 9, what is 2216136135 - -4?
2216136140
In base 13, what is 2734121 - -2?
2734123
In base 11, what is 0 + -4562?
-4562
In base 8, what is 26115 + 1035?
27152
In base 16, what is -c + 503a8?
5039c
In base 15, what is -5 + 788acb?
788ac6
In base 4, what is 10323032223323 + 10?
10323032223333
In base 8, what is 540370030 - 4?
540370024
In base 4, what is 120100 + 220011?
1000111
In base 12, what is 1 - -840102?
840103
In base 6, what is -211 - -350132?
345521
In base 13, what is -149 - -113ab?
11262
In base 9, what is 3477462 + 4?
3477466
In base 12, what is -145147 + 125?
-145022
In base 16, what is 8771 - 48e?
82e3
In base 15, what is -5 - 304051?
-304056
In base 3, what is -102210001211 + -11101?
-102210020012
In base 9, what is -151 + -25187?
-25348
In base 5, what is 432333 + -433141?
-303
In base 7, what is 2244510 - -4?
2244514
In base 7, what is -1345062 + -20?
-1345112
In base 2, what is -1101111000100000011 - -11110?
-1101111000011100101
In base 12, what is -13b46 + -2?
-13b48
In base 2, what is 11001 - 10010101101100111?
-10010101101001110
In base 4, what is 11113331 + 101022?
11221013
In base 16, what is -51 + 2b8af?
2b85e
In base 3, what is -2110211101112 - -1?
-2110211101111
In base 11, what is -128 - 4390?
-4508
In base 9, what is 0 - -366754?
366754
In base 15, what is 827315 + 5?
82731a
In base 12, what is -90 + -648?
-718
In base 13, what is 24774 + -5c4?
24180
In base 7, what is -2122 - -24150?
22025
In base 12, what is -18a76 - 87?
-18b41
In base 7, what is 132651630 - -2?
132651632
In base 7, what is -106222525 - -6?
-106222516
In base 6, what is -1351002515 + -5?
-1351002524
In base 15, what is 2 + 713b28?
713b2a
In base 7, what is 1 - -15101404?
15101405
In base 12, what is -8 + -2a7a92?
-2a7a9a
In base 14, what is -78 - -471597?
47151d
In base 4, what is 12033321003 - -110?
12033321113
In base 7, what is -40 + 30266?
30226
In base 13, what is 42aa28 - 5?
42aa23
In base 13, what is -5 + -518662?
-518667
In base 7, what is 416 + -44663560?
-44663141
In base 9, what is 13 - -17437367?
17437381
In base 13, what is 104 + -535?
-431
In base 3, what is 120111220222 + 20?
120111221012
In base 4, what is -131201 - 1021132?
-1212333
In base 16, what is 1046fe - -99?
104797
In base 6, what is 10 + 14135545303?
14135545313
In base 12, what is -1274574 + -2?
-1274576
In base 9, what is 17056 - 6174?
10772
In base 7, what is -3 + -525021164?
-525021200
In base 16, what is -90b1 + 7a?
-9037
In base 8, what is 3 + -143147566?
-143147563
In base 7, what is -56112213 + -3?
-56112216
In base 16, what is -225dc - -db5?
-21827
In base 14, what is -a4c + -23b?
-c89
In base 12, what is -4 - 2a277353?
-2a277357
In base 13, what is 175408 - c2?
175316
In base 15, what is a7 + 2ce3a?
2cee2
In base 13, what is -5 - 13ca913?
-13ca918
In base 10, what is -33877 + -3222?
-37099
In base 6, what is 35 - 221533043?
-221533004
In base 13, what is -5 + 5612398?
5612393
In base 6, what is -430 - 1445125?
-1445555
In base 16, what is -583f145 + -4?
-583f149
In base 8, what is -27 - 735164?
-735213
In base 16, what is 4 - -a8bcb6f?
a8bcb73
In base 11, what is